 prime factors of 532.
2, 7, 19
List the prime factors of 13111.
7, 1873
List the prime factors of 520.
2, 5, 13
List the prime factors of 502.
2, 251
What are the prime factors of 3023?
3023
What are the prime factors of 1186?
2, 593
What are the prime factors of 25633?
25633
What are the prime factors of 1086?
2, 3, 181
What are the prime factors of 2849?
7, 11, 37
What are the prime factors of 38038?
2, 7, 11, 13, 19
What are the prime factors of 1219?
23, 53
What are the prime factors of 2037?
3, 7, 97
List the prime factors of 66573.
3, 13, 569
What are the prime factors of 27033?
3, 9011
List the prime factors of 1231.
1231
List the prime factors of 35156.
2, 11, 17, 47
List the prime factors of 2630.
2, 5, 263
List the prime factors of 2357.
2357
List the prime factors of 29175.
3, 5, 389
What are the prime factors of 1290?
2, 3, 5, 43
List the prime factors of 672.
2, 3, 7
What are the prime factors of 1066?
2, 13, 41
List the prime factors of 66550.
2, 5, 11
List the prime factors of 117204.
2, 3, 9767
What are the prime factors of 34490?
2, 5, 3449
What are the prime factors of 46696?
2, 13, 449
What are the prime factors of 2584?
2, 17, 19
What are the prime factors of 13849?
11, 1259
List the prime factors of 95082.
2, 3, 13, 23, 53
List the prime factors of 5655.
3, 5, 13, 29
List the prime factors of 24050.
2, 5, 13, 37
List the prime factors of 20719.
20719
What are the prime factors of 5012?
2, 7, 179
List the prime factors of 3086.
2, 1543
List the prime factors of 1527.
3, 509
What are the prime factors of 10328?
2, 1291
What are the prime factors of 10486?
2, 7, 107
List the prime factors of 14064.
2, 3, 293
List the prime factors of 10607.
10607
List the prime factors of 12168.
2, 3, 13
List the prime factors of 348.
2, 3, 29
List the prime factors of 10786.
2, 5393
What are the prime factors of 4200?
2, 3, 5, 7
List the prime factors of 829.
829
What are the prime factors of 972?
2, 3
List the prime factors of 16416.
2, 3, 19
List the prime factors of 62432.
2, 1951
List the prime factors of 26361.
3, 29, 101
List the prime factors of 7616.
2, 7, 17
List the prime factors of 576.
2, 3
What are the prime factors of 816?
2, 3, 17
List the prime factors of 12786.
2, 3, 2131
What are the prime factors of 4786?
2, 2393
What are the prime factors of 4891?
67, 73
List the prime factors of 1375.
5, 11
What are the prime factors of 1801?
1801
What are the prime factors of 2227?
17, 131
List the prime factors of 2370.
2, 3, 5, 79
List the prime factors of 5548.
2, 19, 73
What are the prime factors of 3816?
2, 3, 53
What are the prime factors of 1985?
5, 397
List the prime factors of 697.
17, 41
What are the prime factors of 2586?
2, 3, 431
What are the prime factors of 1153?
1153
What are the prime factors of 1773?
3, 197
List the prime factors of 8907.
3, 2969
List the prime factors of 91504.
2, 7, 19, 43
List the prime factors of 4614.
2, 3, 769
What are the prime factors of 25055?
5, 5011
List the prime factors of 2366.
2, 7, 13
What are the prime factors of 9082?
2, 19, 239
List the prime factors of 21583.
113, 191
List the prime factors of 3304.
2, 7, 59
List the prime factors of 12669.
3, 41, 103
List the prime factors of 7453.
29, 257
What are the prime factors of 94678?
2, 47339
What are the prime factors of 86462?
2, 17, 2543
List the prime factors of 65510.
2, 5, 6551
What are the prime factors of 13869?
3, 23, 67
List the prime factors of 22507.
71, 317
What are the prime factors of 51035?
5, 59, 173
List the prime factors of 48327.
3, 89, 181
List the prime factors of 3870.
2, 3, 5, 43
What are the prime factors of 114?
2, 3, 19
What are the prime factors of 46914?
2, 3, 7, 1117
What are the prime factors of 13332?
2, 3, 11, 101
What are the prime factors of 491?
491
What are the prime factors of 2677?
2677
List the prime factors of 12195.
3, 5, 271
List the prime factors of 744.
2, 3, 31
What are the prime factors of 353?
353
List the prime factors of 957.
3, 11, 29
List the prime factors of 156.
2, 3, 13
What are the prime factors of 119233?
119233
List the prime factors of 4001.
4001
What are the prime factors of 40982?
2, 31, 661
List the prime factors of 126659.
13, 9743
List the prime factors of 1740.
2, 3, 5, 29
List the prime factors of 75421.
199, 379
What are the prime factors of 206968?
2, 41, 631
What are the prime factors of 8904?
2, 3, 7, 53
List the prime factors of 7913.
41, 193
What are the prime factors of 29?
29
What are the prime factors of 1218?
2, 3, 7, 29
What are the prime factors of 885?
3, 5, 59
List the prime factors of 670.
2, 5, 67
What are the prime factors of 38623?
13, 2971
What are the prime factors of 22939?
7, 29, 113
List the prime factors of 14354.
2, 7177
What are the prime factors of 409?
409
What are the prime factors of 4842?
2, 3, 269
List the prime factors of 5367.
3, 1789
List the prime factors of 1176.
2, 3, 7
What are the prime factors of 18257?
18257
List the prime factors of 3549.
3, 7, 13
What are the prime factors of 76237?
7, 10891
List the prime factors of 1928.
2, 241
What are the prime factors of 30527?
7, 89
What are the prime factors of 128398?
2, 43, 1493
List the prime factors of 12567.
3, 59, 71
List the prime factors of 4375.
5, 7
What are the prime factors of 30921?
3, 11, 937
What are the prime factors of 19534?
2, 9767
What are the prime factors of 53188?
2, 13297
List the prime factors of 23219.
7, 31, 107
List the prime factors of 2769.
3, 13, 71
What are the prime factors of 7323?
3, 2441
What are the prime factors of 2357?
2357
List the prime factors of 87022.
2, 13, 3347
List the prime factors of 256.
2
List the prime factors of 1003.
17, 59
What are the prime factors of 2908?
2, 727
What are the prime factors of 1618?
2, 809
What are the prime factors of 141903?
3, 15767
List the prime factors of 168169.
19, 53, 167
What are the prime factors of 20716?
2, 5179
What are the prime factors of 8659?
7, 1237
What are the prime factors of 65492?
2, 7, 2339
List the prime factors of 17139.
3, 29, 197
What are the prime factors of 9317?
7, 11
List the prime factors of 5974.
2, 29, 103
What are the prime factors of 773?
773
List the prime factors of 1759.
1759
List the prime factors of 83216.
2, 7, 743
List the prime factors of 5247.
3, 11, 53
What are the prime factors of 99?
3, 11
List the prime factors of 31603.
11, 13, 17
What are the prime factors of 401?
401
What are the prime factors of 74?
2, 37
What are the prime factors of 2253?
3, 751
What are the prime factors of 1099?
7, 157
List the prime factors of 57510.
2, 3, 5, 71
What are the prime factors of 15963?
3, 17, 313
What are the prime factors of 1214?
2, 607
List the prime factors of 6228.
2, 3, 173
What are the prime factors of 3582?
2, 3, 199
List the prime factors of 927.
3, 103
What are the prime factors of 15602?
2, 29, 269
List the prime factors of 19977.
3, 6659
List the prime factors of 648.
2, 3
List the prime factors of 1567.
1567
What are the prime factors of 7017?
3, 2339
List the prime factors of 536.
2, 67
What are the prime factors of 19178?
2, 43, 223
What are the prime factors of 995?
5, 199
What are the prime factors of 16931?
16931
What are the prime factors of 7596?
2, 3, 211
What are the prime factors of 2508?
2, 3, 11, 19
List the prime factors of 51399.
3, 5711
What are the prime factors of 8690?
2, 5, 11, 79
What are the prime factors of 4972?
2, 11, 113
List the prime factors of 5175.
3, 5, 23
What are the prime factors of 9855?
3, 5, 73
What are the prime factors of 320?
2, 5
What are the prime factors of 15432?
2, 3, 643
List the prime factors of 6965.
5, 7, 199
What are the prime factors of 2191?
7, 313
List the prime factors of 23048.
2, 43, 67
List the prime factors of 13691.
13691
What are the prime factors of 30085?
5, 11, 547
What are the prime factors of 38522?
2, 11, 17, 103
What are the prime factors of 116419?
47, 2477
What are the prime factors of 8218?
2, 7, 587
What are the prime factors of 559?
13, 43
What are the prime factors of 65070?
2, 3, 5, 241
What are the prime factors of 7932?
2, 3, 661
List the prime factors of 8987.
11, 19, 43
List the prime factors of 6961.
6961
What are the prime factors of 15141?
3, 7, 103
What are the prime factors of 1045